ermine v(c).
3
Suppose 2*a + 5*u - 6*u - 4 = 0, a - 3*u = 2. Let q(w) = -a*w - w**2 + 0*w + 3*w + 4 - 4*w. Determine q(3).
-14
Let b(k) = 52*k - 16. Let a(g) = 4*g - 1. Let l(s) = 28*a(s) - 2*b(s). What is l(1)?
12
Let x(v) be the second derivative of -v**3/2 - 9*v**2/2 + 6*v + 3. What is x(-2)?
-3
Let p(g) = 6*g. Suppose 3*d + 2*z = -13, -3*z = -0*d - 6*d + 9. Calculate p(d).
-6
Suppose 2*x - 34 = 6. Suppose 0 = -16*q + x*q + 12. Let d(w) = -2*w**2 - w + 4. Determine d(q).
-11
Let p be (1 + -2)/((-3 - -1)/2). Let f(z) = 38*z**3 - p - 17*z**3 + z**2 - 13*z**3. What is f(1)?
8
Let o(r) = -r**3 + 7*r**2 - 6*r - 2. Let p be (-2 + 5 + -1)*2. Suppose 3*c = 4*t - 69, 4*t - c - 59 = p. Let k = 21 - t. What is o(k)?
-2
Let g(v) = 14 - 8 - 2*v + v - 5. What is g(2)?
-1
Let t = 13 - 7. Let o be ((-16)/t)/((-6)/9). Let c(m) = 16*m**2 - 44*m**2 + 5*m + 31*m**2 - m**3 + 3. Give c(o).
7
Let k(i) = 36*i**2 - 14*i - 14. Let o be k(-1). Let h = 0 + 4. Suppose 1 = -3*u - 5*a - 31, -h*u = 5*a + o. Let x(c) = c**2 + 7*c + 5. Calculate x(u).
-7
Let n(k) = k**3 - k**2 - 5. Let s(j) = 13*j - 48. Let b be s(7). Let h = b + -43. Determine n(h).
-5
Let i(w) = -73*w + 70*w + 0*w**3 - 4*w**2 - 6 - 2*w**3 + 3*w**3. Calculate i(5).
4
Let r(k) be the first derivative of -k**4/4 + 4*k**3/3 + k**2/2 - 6*k - 132. Give r(5).
-26
Let y(q) = q**3 + 4*q**2 - 6*q - 1. Let f(t) = -t**3 - 3*t**2 + 13*t + 10. Let g = -118 + 113. Let i be f(g). Give y(i).
4
Let o(n) be the second derivative of 0 - 1/6*n**3 + 1/120*n**6 - 1/6*n**4 - 15/2*n**2 - 9*n + 1/15*n**5. Let t(u) be the first derivative of o(u). Give t(-5).
-6
Let f be ((-4)/5)/((-18)/135). Let r(v) = 7*v + 2. Let a(z) = 20*z + 5. Let m(l) = f*a(l) - 17*r(l). What is m(-3)?
-7
Let l(w) = -2 + 0 + 0*w - 2*w. Let v(x) = x**2 + 9*x - 6. Let a be v(-12). Let r = 28 - a. What is l(r)?
2
Let f(g) = 1 - 2*g - 3*g**3 + 8*g**2 + 2*g**2 + 6*g**2 - 14*g**2 + 5*g**3. Calculate f(1).
3
Let s be 4/8*10*1. Let r(x) = -3 + 2*x - x + s*x. Give r(2).
9
Let x(j) be the second derivative of 0*j**2 + 0 - 1/3*j**3 + 12*j. Suppose o - 5*o + 20 = 0. What is x(o)?
-10
Let i(h) = -2*h + 9. Let z(k) = 74*k + 27 - 151*k + 71*k. Let p(t) = 17*i(t) - 6*z(t). Calculate p(6).
3
Let o(k) = k**2 + 15*k - 16. Let x be o(-16). Suppose x = -a, u - 5*a = -u + 10. Let q(y) = -y**2 + 5*y + 6. Give q(u).
6
Let i(x) = x - 14. Let s(f) = f - 4. Let r(z) = 4. Let y(q) = 3*r(q) + 4*s(q). Let u be y(1). What is i(u)?
-14
Let y(x) = 2*x + 19. Let n be (2/(-6))/(9/(-54)). Suppose n*i = 3*g + 20, -25 = 5*g - i - 4*i. Let d be y(g). Let b(z) = 6*z**3 - z. Calculate b(d).
-5
Let n(l) = -4*l**2 + 8*l + 5. Let k(m) = m**2 - m. Let c(v) = 3*k(v) + n(v). Let f be c(5). Let u(i) = -f + 2*i**2 - i**2 - 11*i + 9 + 4*i. What is u(6)?
-2
Let k = 24 + -12. Let y be k/(-16) + (-30)/(-8). Let p(i) = 2*i**y + 6*i - 1 + 5*i**2 - i**3 + 4 - 1. What is p(-4)?
-6
Let w(i) = i**3 + 13*i**2 + 13*i + 6. Let v = -345 + 333. Calculate w(v).
-6
Let k be (-6)/40*-10*28/(-6). Let o(d) = 3*d - 10. Calculate o(k).
-31
Suppose -y = -0*y - 1. Let p = 7 - y. Let u(r) = -r - 1. Calculate u(p).
-7
Suppose 5*n + 175 = -3*a, 2*a = 4*n - 14 - 88. Let m = -56 - a. Let s(b) = 7*b**2 + b + 1. Give s(m).
7
Suppose -21 = -4*f - 3*f. Let z(p) = -p**3 + 4*p**2 - 4*p + 5. Let g be z(f). Let o(i) = 0*i - 4*i + 2*i + 0*i. Give o(g).
-4
Let j(h) be the second derivative of h**4/12 + 13*h**3/6 + 13*h**2/2 - 49*h + 1. Calculate j(-10).
-17
Let k = -1605 - -1618. Let m(p) = -p**2 + 11*p + 28. Determine m(k).
2
Let o = -21 - -23. Let x(g) = -5*g + g**2 - 4*g + 5 + o*g + 0*g**2. Give x(7).
5
Let u(s) be the second derivative of -5*s**3/6 + 2*s**2 + 133*s. Determine u(6).
-26
Let v(c) = -2*c + 25*c**2 - 2*c**3 - 20*c**2 + c - 5 + 3*c**3. Suppose -3*u + 14 + 1 = 0. Suppose -p - 15 = p + z, -u = z. Determine v(p).
0
Let c(w) = 3*w**2 + w - 2. Let q = -177 - -76. Let k = -103 - q. Give c(k).
8
Let m(t) = -3*t**2 - 7. Let p(q) = -4*q**2 - q - 8. Let g(r) = -5*m(r) + 4*p(r). Let u be 2/(6/9) - -11. Suppose 0 = -6*h - 16 - u. Determine g(h).
-2
Let u = -6 - -5. Let v(j) be the third derivative of j**7/360 + j**6/720 + j**5/120 + j**4/6 - j**2. Let c(d) be the second derivative of v(d). What is c(u)?
7
Let v(r) = -8 - 33*r + 2 + 24*r + r**2 + 10 + 20*r. Let k(c) = -11*c**2 - 2*c - 1. Let f be k(-1). Give v(f).
-6
Let j(z) = -z**2 - 12*z - 6. Suppose -4*n - 28 = 4*t, -24*t - 3*n - 27 = -20*t. Calculate j(t).
30
Let j(k) = -3*k**2 - 2*k - 2. Suppose -25 - 19 = -4*n. Let u(r) = -14*r**2 - 11*r - 11. Let t(c) = n*j(c) - 2*u(c). Determine t(1).
-5
Suppose 11*u = 5*u. Let h(f) = -f - 32. Calculate h(u).
-32
Let a = 587 - 578. Let i(f) = f - 10. What is i(a)?
-1
Let d(s) = -124*s - 1 + 63*s + 63*s. Let i(h) = h**2 + 5*h - 2. Let p be i(-5). Let y be (0 + -3)/(-3) + p. Calculate d(y).
-3
Let a be 63/(-27)*(3 - 0). Let y(l) = l**3 + 7*l**2 + 3*l + 5. Determine y(a).
-16
Let f = 37 - 35. Let y(p) = -1 + 6 - f*p**2 - 10*p + 3*p**2. Give y(9).
-4
Let m(a) = 11 - 17*a + 9*a + 8*a + a. Determine m(-10).
1
Suppose -31*q - 21*q = 89 + 171. Suppose -3*n = n - 8. Let h(x) = n*x - 5 - 2*x - x. What is h(q)?
0
Let c be (2/(-6))/(6/18). Let u = 3 + c. Let r(w) = 11*w + 9. Let h(k) = 9*k + 8. Let j(z) = 7*h(z) - 6*r(z). Give j(u).
-4
Let a(n) = -2*n + 3*n - 1 - 2. Let j be (-44)/(-12) + (-4)/(-6)*-1. Determine a(j).
0
Let l(p) be the second derivative of 0 + 0*p**2 - 6*p + 1/6*p**3. Let k be (-6)/(-3)*(-10)/4. What is l(k)?
-5
Let h(s) be the second derivative of s**4/12 - s**3/3 - s**2/2 - 11*s. Let a(o) be the first derivative of h(o). Calculate a(7).
12
Suppose -18*s + 13 + 23 = 0. Let z(v) = -v**3 + v - 4. Calculate z(s).
-10
Let x(u) = -11*u**2 - 9763*u**3 + 4 + 9762*u**3 + 5 - u. Determine x(-11).
20
Let p(r) be the second derivative of -2/3*r**4 + 1/720*r**6 + 0 + 11*r + 0*r**2 - 1/60*r**5 + 0*r**3. Let z(k) be the third derivative of p(k). What is z(4)?
2
Let t(g) = -11*g - 21. Let u(q) = -29*q - 64. Let w(d) = 8*t(d) - 3*u(d). What is w(19)?
5
Let o(m) = -m**2 + 11*m - 1. Suppose -w = 2*v - 25, -3*v + 53 = 5*w + 5. What is o(v)?
-1
Let a(f) = -3*f + 1. Let n be a(-1). Let l(t) = -5*t**2 + 2 - 14*t - n + 1 + 13*t. What is l(-1)?
-5
Let d(r) be the second derivative of 5*r**3/3 - 5*r + 9. Determine d(-4).
-40
Let p(x) be the second derivative of 0 - 30*x - 7/2*x**2 + 1/6*x**3. What is p(0)?
-7
Let x be -1 - (-13)/(65/30). Let s(p) = -21*p**3 - x*p**2 + 43*p**3 + 0 + 3*p - 2 - 21*p**3. What is s(4)?
-6
Let p be (3 - 42/12)/(2/4). Let l(b) = 10*b + 1. Give l(p).
-9
Let m(u) = -u**3 + 6*u**2 - 7*u - 6. Let w be (-12)/3*138/(-92). Calculate m(w).
-48
Let c(h) = -h**2 - 10*h - 16. Let t(r) = -8*r**2. Let b be t(-1). Determine c(b).
0
Let a(v) be the second derivative of v**4/12 - 2*v**2 - 170*v. Suppose -11 = -4*l + 5. Suppose -l*s = -2*s. Determine a(s).
-4
Let s(v) be the first derivative of -v**3/3 - 7*v**2/2 - 9*v + 166. Determine s(-7).
-9
Let y(z) = 19*z**2 + 20*z + 17*z + 19*z - 34*z + 1 - 20*z. Let t = -2 - -1. What is y(t)?
18
Let o be 230/18 + (-14)/(-63). Let h(n) = 31*n - o*n - 11*n + 1 - 15*n. What is h(1)?
-7
Let q(n) = -2 + 3 + 1 - 4 - 2*n. Let o be q(-2). Let u(a) = a**3 - 3*a**2 + a + 2. Let g(z) = -1. Let c(r) = -3*g(r) - u(r). Determine c(o).
3
Let c(o) = -o**3 + 2*o**2. Let f be c(1). Let l be (f - 2) + 7*3. Let m = l + -18. Let u(j) = 7*j - 3. Determine u(m).
11
Let d(a) = -a**2 + a - 4. Let o = 16 + -11. Let c be (5 + 1)/(o + (-2 - 1)). Calculate d(c).
-10
Let n(u) = -u**3 + 19*u**2 - 39*u + 23. Let i be n(15). Let z(y) = y**2 - i*y - 6 + 332*y - 3. Determine z(8).
7
Let q(r) = r - 1 + 2*r - 2*r. Let c(o) = 65*o + 7. Let f be c(2). Let m = 137 - f. What is q(m)?
-1
Let t = 3 + 6. Let a(i) = 11*i**3 - 8*i**2 - 13*i - 6. Let z(l) = -13*l**3 + 8*l**2 + 14*l + 5. Let u(k) = 6*a(k) + 5*z(k). What is u(t)?
-2
Let l(i) = -i**2 + 6*i - 4. Let u(x) = 2*x + 1. Let m(b) = -l(b) - 2*u(b). Give m(10).
2
Let k(t) = 4*t**2 - 6. Let s(p) = 3*p**2 + p - 5. Let d(y) = -4*k(y) + 5*s(y). Suppose 2*i + 42 = 9*i. Determine d(i).
-7
Let r(l) = -l**2 - 2*l - 1. Let c = -160 + 160. Suppose -2*f + c*f = 3*n + 12, 5 = -f - n. Give r(f).
-4
Let t(r) be the third derivative of r**7/2520 + r**6/144 - r**5/40 + 13*r**4/24 - 4*r**2. Let z(h) be the second deriva